{"id":3684,"date":"2025-10-23T08:01:17","date_gmt":"2025-10-23T07:01:17","guid":{"rendered":"https:\/\/knifecompass.com\/?post_type=product&#038;p=3684"},"modified":"2025-12-16T13:30:59","modified_gmt":"2025-12-16T12:30:59","slug":"knifecompass-2","status":"publish","type":"product","link":"https:\/\/knifecompass.com\/index.php\/product\/knifecompass-2\/","title":{"rendered":"Knifecompass 2"},"content":{"rendered":"<p>De KNIFECOMPASS 2 is ontworpen voor het snel en nauwkeurig uitsnijden van gaten voor appendages en kopplaten in alle soorten elastomeer, waaronder Armaflex, Kaiflex en Thermaflex. Het gereedschap snijdt zonder kartels moeiteloos door diktes van 10 tot 32 mm en is uitgebreid getest door docenten en cursisten van OOI-opleidingen, die het als bijzonder snel, precies en gebruiksvriendelijk beoordelen. Wij durven daarom te stellen dat geen enkel traditioneel elastomeermes zo nauwkeurig en effici\u00ebnt werkt als de KNIFECOMPASS 2.<\/p>\n<p>Zelfs leerling-monteurs maken direct perfecte ringen dankzij het eenvoudige ontwerp. De KNIFECOMPASS 2 is compact, ideaal voor gebruik op locatie en wordt geleverd met zes houten middencirkels voor gegarandeerd gecentreerde uitsnijdingen. Het gereedschap is zowel links- als rechtsdraaiend te gebruiken en levert keer op keer strakke, ronde gaten.<\/p>\n<p>De tijdswinst is enorm: waar een handmatig uitgesneden gat ongeveer 1 minuut kost, doet de KNIFECOMPASS 2 dit in slechts 10 seconden. Bij serieproductie, zoals tien gaten, loopt dit op tot 10\u00d7 sneller werken. Hierdoor is de investering vaak binnen \u00e9\u00e9n dag terugverdiend, stijgt de productiviteit en kunnen meer projecten worden aangenomen \u2014 met als resultaat tevreden klanten en een professioneel eindresultaat.<\/p>\n","protected":false},"excerpt":{"rendered":"<article class=\"text-token-text-primary w-full focus:outline-none [--shadow-height:45px] has-data-writing-block:pointer-events-none has-data-writing-block:-mt-(--shadow-height) has-data-writing-block:pt-(--shadow-height) [&amp;:has([data-writing-block])&gt;*]:pointer-events-auto scroll-mt-[calc(var(--header-height)+min(200px,max(70px,20svh)))]\" dir=\"auto\" tabindex=\"-1\" data-turn-id=\"request-WEB:db90d4da-a43b-46fd-8c43-22af2d1d6b11-8\" data-testid=\"conversation-turn-18\" data-scroll-anchor=\"true\" data-turn=\"assistant\">\n<div class=\"text-base my-auto mx-auto pb-10 [--thread-content-margin:--spacing(4)] thread-sm:[--thread-content-margin:--spacing(6)] thread-lg:[--thread-content-margin:--spacing(16)] px-(--thread-content-margin)\">\n<div class=\"[--thread-content-max-width:40rem] thread-lg:[--thread-content-max-width:48rem] mx-auto max-w-(--thread-content-max-width) flex-1 group\/turn-messages focus-visible:outline-hidden relative flex w-full min-w-0 flex-col agent-turn\" tabindex=\"-1\">\n<div class=\"flex max-w-full flex-col grow\">\n<div class=\"min-h-8 text-message relative flex w-full flex-col items-end gap-2 text-start break-words whitespace-normal [.text-message+&amp;]:mt-1\" dir=\"auto\" data-message-author-role=\"assistant\" data-message-id=\"862702f8-d9e3-4d86-af0d-180047a5bc5b\" data-message-model-slug=\"gpt-5-1\">\n<div class=\"flex w-full flex-col gap-1 empty:hidden first:pt-[1px]\">\n<div class=\"markdown prose dark:prose-invert w-full break-words light markdown-new-styling\">\n<p data-start=\"115\" data-end=\"307\">De Knifecompass 2 maakt het eenvoudig om in \u00e9\u00e9n beweging het exacte midden van je isolatie te vinden en perfect rond uit te snijden. Ideaal voor snelle, nauwkeurige uitsparingen rondom buizen.<\/p>\n<p data-start=\"309\" data-end=\"392\" data-is-last-node=\"\" data-is-only-node=\"\"><strong data-start=\"309\" data-end=\"392\" data-is-last-node=\"\">Simpel, precies en ontworpen voor dagelijks gebruik door isolatieprofessionals.<\/strong><\/p>\n<\/div>\n<\/div>\n<\/div>\n<\/div>\n<div class=\"z-0 flex min-h-[46px] justify-start\"><\/div>\n<div class=\"mt-3 w-full empty:hidden\">\n<div class=\"text-center\"><\/div>\n<\/div>\n<\/div>\n<\/div>\n<\/article>\n<div class=\"pointer-events-none h-px w-px\" aria-hidden=\"true\" data-edge=\"true\"><\/div>\n","protected":false},"featured_media":3806,"comment_status":"open","ping_status":"closed","template":"","meta":{"_acf_changed":false},"product_brand":[],"product_cat":[25],"product_tag":[],"class_list":{"0":"post-3684","1":"product","2":"type-product","3":"status-publish","4":"has-post-thumbnail","6":"product_cat-uncategorized","8":"first","9":"instock","10":"taxable","11":"shipping-taxable","12":"purchasable","13":"product-type-variable"},"acf":[],"_links":{"self":[{"href":"https:\/\/knifecompass.com\/index.php\/wp-json\/wp\/v2\/product\/3684","targetHints":{"allow":["GET"]}}],"collection":[{"href":"https:\/\/knifecompass.com\/index.php\/wp-json\/wp\/v2\/product"}],"about":[{"href":"https:\/\/knifecompass.com\/index.php\/wp-json\/wp\/v2\/types\/product"}],"replies":[{"embeddable":true,"href":"https:\/\/knifecompass.com\/index.php\/wp-json\/wp\/v2\/comments?post=3684"}],"wp:featuredmedia":[{"embeddable":true,"href":"https:\/\/knifecompass.com\/index.php\/wp-json\/wp\/v2\/media\/3806"}],"wp:attachment":[{"href":"https:\/\/knifecompass.com\/index.php\/wp-json\/wp\/v2\/media?parent=3684"}],"wp:term":[{"taxonomy":"product_brand","embeddable":true,"href":"https:\/\/knifecompass.com\/index.php\/wp-json\/wp\/v2\/product_brand?post=3684"},{"taxonomy":"product_cat","embeddable":true,"href":"https:\/\/knifecompass.com\/index.php\/wp-json\/wp\/v2\/product_cat?post=3684"},{"taxonomy":"product_tag","embeddable":true,"href":"https:\/\/knifecompass.com\/index.php\/wp-json\/wp\/v2\/product_tag?post=3684"}],"curies":[{"name":"wp","href":"https:\/\/api.w.org\/{rel}","templated":true}]}}