{"id":4024,"date":"2026-04-07T16:12:25","date_gmt":"2026-04-07T15:12:25","guid":{"rendered":"https:\/\/knifecompass.com\/?post_type=product&#038;p=4024"},"modified":"2026-04-07T16:19:53","modified_gmt":"2026-04-07T15:19:53","slug":"knifecompass-2-1","status":"publish","type":"product","link":"https:\/\/knifecompass.com\/index.php\/product\/knifecompass-2-1\/","title":{"rendered":"Knifecompass 2.1"},"content":{"rendered":"<p data-start=\"74\" data-end=\"403\">De <strong data-start=\"120\" data-end=\"140\">Knifecompass 2.1<\/strong> is een compact en doeltreffend snijgereedschap voor het nauwkeurig uitsnijden van <strong data-start=\"223\" data-end=\"259\">binnenringen, gaten en kopplaten<\/strong> uit elastomeer isolatiemateriaal. Dit hulpmiddel is speciaal ontwikkeld voor isolatiemonteurs die snel, strak en reproduceerbaar willen werken.<\/p>\n<p data-start=\"405\" data-end=\"715\">Dankzij de uitvoering in <strong data-start=\"430\" data-end=\"455\">roestvast staal (RVS)<\/strong> is de Knifecompass 2.1 robuust, slijtvast en geschikt voor intensief dagelijks gebruik. Met een <strong data-start=\"552\" data-end=\"579\">totale lengte van 60 mm<\/strong> en buisdiameters van <strong data-start=\"601\" data-end=\"635\">\u00d815, \u00d822, \u00d828, \u00d835, \u00d842 en \u00d848<\/strong> biedt deze tool veelzijdigheid voor uiteenlopende toepassingen op de werkvloer.<\/p>\n<p data-start=\"717\" data-end=\"887\">Het snijmechanisme is uitgevoerd aan <strong data-start=\"754\" data-end=\"779\">\u00e9\u00e9n zijde van de buis<\/strong>, waardoor gecontroleerd en precies gesneden kan worden. De Knifecompass 2.1 is geschikt voor het maken van:<\/p>\n<ul data-start=\"889\" data-end=\"953\">\n<li data-section-id=\"1v89hwj\" data-start=\"889\" data-end=\"905\">ronde ringen<\/li>\n<li data-section-id=\"mr6q08\" data-start=\"906\" data-end=\"928\">perfecte kopplaten<\/li>\n<li data-section-id=\"9vftbp\" data-start=\"929\" data-end=\"953\">gaten voor T-stukken<\/li>\n<\/ul>\n<p data-start=\"955\" data-end=\"1253\">De tool werkt met diverse elastomeermerken, waaronder <strong data-start=\"1009\" data-end=\"1044\">Armaflex, Kaiflex en Thermoflex<\/strong>, en is toepasbaar in <strong data-start=\"1066\" data-end=\"1081\">alle diktes<\/strong>. Daardoor is de Knifecompass 2.1 een praktische oplossing voor zowel <strong data-start=\"1151\" data-end=\"1165\">beginnende<\/strong> als <strong data-start=\"1170\" data-end=\"1198\">ervaren isolatiemonteurs<\/strong> die streven naar een nette en professionele afwerking.<\/p>\n<p data-start=\"1255\" data-end=\"1395\"><strong data-start=\"1255\" data-end=\"1275\">Kort samengevat:<\/strong> de Knifecompass 2.1 staat voor precisie, gebruiksgemak en duurzaamheid in het snijden van elastomeer isolatiemateriaal.<\/p>\n","protected":false},"excerpt":{"rendered":"<p data-start=\"53\" data-end=\"255\">De <strong data-start=\"99\" data-end=\"119\">Knifecompass 2.1<\/strong> is een compact RVS snijgereedschap voor het nauwkeurig uitsnijden van <strong data-start=\"190\" data-end=\"220\">ringen, kopplaten en gaten<\/strong> in elastomeer isolatiemateriaal.<\/p>\n<p data-start=\"257\" data-end=\"444\">Met buismaten <strong data-start=\"271\" data-end=\"286\">\u00d815 t\/m \u00d848<\/strong> en een lengte van <strong data-start=\"305\" data-end=\"314\">60 mm<\/strong> is de tool geschikt voor diverse toepassingen. Het enkelzijdige snijmechanisme zorgt voor <strong data-start=\"405\" data-end=\"441\">strakke en gecontroleerde snedes<\/strong>.<\/p>\n<p data-start=\"446\" data-end=\"596\">Geschikt voor materialen zoals <strong data-start=\"477\" data-end=\"512\">Armaflex, Kaiflex en Thermoflex<\/strong> in alle diktes, en ideaal voor zowel <strong data-start=\"550\" data-end=\"593\">beginnende als ervaren isolatiemonteurs<\/strong>.<\/p>\n<p data-start=\"598\" data-end=\"644\" data-is-last-node=\"\" data-is-only-node=\"\"><strong data-start=\"598\" data-end=\"644\" data-is-last-node=\"\">Effici\u00ebnt, precies en duurzaam in gebruik.<\/strong><\/p>\n","protected":false},"featured_media":4026,"comment_status":"open","ping_status":"closed","template":"","meta":{"_acf_changed":false},"product_brand":[],"product_cat":[25],"product_tag":[],"class_list":{"0":"post-4024","1":"product","2":"type-product","3":"status-publish","4":"has-post-thumbnail","6":"product_cat-uncategorized","8":"first","9":"instock","10":"taxable","11":"shipping-taxable","12":"purchasable","13":"product-type-simple"},"acf":[],"_links":{"self":[{"href":"https:\/\/knifecompass.com\/index.php\/wp-json\/wp\/v2\/product\/4024","targetHints":{"allow":["GET"]}}],"collection":[{"href":"https:\/\/knifecompass.com\/index.php\/wp-json\/wp\/v2\/product"}],"about":[{"href":"https:\/\/knifecompass.com\/index.php\/wp-json\/wp\/v2\/types\/product"}],"replies":[{"embeddable":true,"href":"https:\/\/knifecompass.com\/index.php\/wp-json\/wp\/v2\/comments?post=4024"}],"wp:featuredmedia":[{"embeddable":true,"href":"https:\/\/knifecompass.com\/index.php\/wp-json\/wp\/v2\/media\/4026"}],"wp:attachment":[{"href":"https:\/\/knifecompass.com\/index.php\/wp-json\/wp\/v2\/media?parent=4024"}],"wp:term":[{"taxonomy":"product_brand","embeddable":true,"href":"https:\/\/knifecompass.com\/index.php\/wp-json\/wp\/v2\/product_brand?post=4024"},{"taxonomy":"product_cat","embeddable":true,"href":"https:\/\/knifecompass.com\/index.php\/wp-json\/wp\/v2\/product_cat?post=4024"},{"taxonomy":"product_tag","embeddable":true,"href":"https:\/\/knifecompass.com\/index.php\/wp-json\/wp\/v2\/product_tag?post=4024"}],"curies":[{"name":"wp","href":"https:\/\/api.w.org\/{rel}","templated":true}]}}